{"id":12,"date":"2011-05-02T19:23:06","date_gmt":"2011-05-02T18:23:06","guid":{"rendered":"http:\/\/www.calbergrafica.com\/?page_id=12"},"modified":"2011-10-07T17:50:21","modified_gmt":"2011-10-07T16:50:21","slug":"a-calbergrafica","status":"publish","type":"page","link":"http:\/\/www.calbergrafica.com\/","title":{"rendered":"A Calbergr\u00e1fica"},"content":{"rendered":"<p><img loading=\"lazy\" class=\"alignnone size-full wp-image-79\" title=\"1_HOME\" src=\"http:\/\/www.calbergrafica.com\/wp-content\/uploads\/2011\/05\/1_HOME.jpg\" alt=\"\" width=\"600\" height=\"237\" srcset=\"http:\/\/www.calbergrafica.com\/wp-content\/uploads\/2011\/05\/1_HOME.jpg 600w, http:\/\/www.calbergrafica.com\/wp-content\/uploads\/2011\/05\/1_HOME-300x118.jpg 300w\" sizes=\"(max-width: 600px) 100vw, 600px\" \/>Fundada em 1992, a Calbergr\u00e1fica \u00e9 uma empresa din\u00e2mica que disponibiliza um servi\u00e7o de impress\u00e3o, completo e da mais elevada qualidade, com pre\u00e7os sempre competitivos.<\/p>\n<p>Dispomos de equipamentos e tecnologia de \u00faltima gera\u00e7\u00e3o para proporcionar um servi\u00e7o de alta qualidade e com a rapidez que o mercado hoje em dia exige.<\/p>\n<p>A nossa equipa, altamente especializada e com larga experi\u00eancia nas artes gr\u00e1ficas, est\u00e1 apta a encontrar a solu\u00e7\u00e3o mais adequada para qualquer solicita\u00e7\u00e3o nesta \u00e1rea.<\/p>\n<p>Situada \u00e0s portas de Lisboa, mesmo junto ao MARL, a Calbergr\u00e1fica \u00e9 a escolha certa para todos os trabalhos de impress\u00e3o, desde o Selo ao Outdoor a cores ou a preto e branco.<\/p>\n","protected":false},"excerpt":{"rendered":"<p>Fundada em 1992, a Calbergr\u00e1fica \u00e9 uma empresa din\u00e2mica que disponibiliza um servi\u00e7o de impress\u00e3o, completo e da mais elevada qualidade, com pre\u00e7os sempre competitivos. Dispomos de equipamentos e tecnologia de \u00faltima gera\u00e7\u00e3o para proporcionar um servi\u00e7o de alta qualidade &hellip; <a class=\"more-link\" href=\"http:\/\/www.calbergrafica.com\/\">Continue reading <span class=\"meta-nav\">&rarr;<\/span><\/a><\/p>\n","protected":false},"author":1,"featured_media":0,"parent":0,"menu_order":0,"comment_status":"closed","ping_status":"closed","template":"","meta":[],"_links":{"self":[{"href":"http:\/\/www.calbergrafica.com\/index.php?rest_route=\/wp\/v2\/pages\/12"}],"collection":[{"href":"http:\/\/www.calbergrafica.com\/index.php?rest_route=\/wp\/v2\/pages"}],"about":[{"href":"http:\/\/www.calbergrafica.com\/index.php?rest_route=\/wp\/v2\/types\/page"}],"author":[{"embeddable":true,"href":"http:\/\/www.calbergrafica.com\/index.php?rest_route=\/wp\/v2\/users\/1"}],"replies":[{"embeddable":true,"href":"http:\/\/www.calbergrafica.com\/index.php?rest_route=%2Fwp%2Fv2%2Fcomments&post=12"}],"version-history":[{"count":15,"href":"http:\/\/www.calbergrafica.com\/index.php?rest_route=\/wp\/v2\/pages\/12\/revisions"}],"predecessor-version":[{"id":80,"href":"http:\/\/www.calbergrafica.com\/index.php?rest_route=\/wp\/v2\/pages\/12\/revisions\/80"}],"wp:attachment":[{"href":"http:\/\/www.calbergrafica.com\/index.php?rest_route=%2Fwp%2Fv2%2Fmedia&parent=12"}],"curies":[{"name":"wp","href":"https:\/\/api.w.org\/{rel}","templated":true}]}}

A Calbergráfica

<p><img loading="lazy" class="alignnone size-full wp-image-79" title="1_HOME" src="http://www.calbergrafica.com/wp-content/uploads/2011/05/1_HOME.jpg" alt="" width="600" height="237" srcset="http://www.calbergrafica.com/wp-content/uploads/2011/05/1_HOME.jpg 600w, http://www.calbergrafica.com/wp-content/uploads/2011/05/1_HOME-300x118.jpg 300w" sizes="(max-width: 600px) 100vw, 600px" />Fundada em 1992, a Calbergráfica é uma empresa dinâmica que disponibiliza um serviço de impressão, completo e da mais elevada qualidade, com preços sempre competitivos.</p>
<p>Dispomos de equipamentos e tecnologia de última geração para proporcionar um serviço de alta qualidade e com a rapidez que o mercado hoje em dia exige.</p>
<p>A nossa equipa, altamente especializada e com larga experiência nas artes gráficas, está apta a encontrar a solução mais adequada para qualquer solicitação nesta área.</p>
<p>Situada às portas de Lisboa, mesmo junto ao MARL, a Calbergráfica é a escolha certa para todos os trabalhos de impressão, desde o Selo ao Outdoor a cores ou a preto e branco.</p>

<p>Fundada em 1992, a Calbergráfica é uma empresa dinâmica que disponibiliza um serviço de impressão, completo e da mais elevada qualidade, com preços sempre competitivos. Dispomos de equipamentos e tecnologia de última geração para proporcionar um serviço de alta qualidade &hellip; <a class="more-link" href="http://www.calbergrafica.com/">Continue reading <span class="meta-nav">&rarr;</span></a></p>
