{"id":6,"date":"2011-05-02T19:21:26","date_gmt":"2011-05-02T18:21:26","guid":{"rendered":"http:\/\/www.calbergrafica.com\/?page_id=6"},"modified":"2013-09-24T16:24:04","modified_gmt":"2013-09-24T15:24:04","slug":"impressao-digital","status":"publish","type":"page","link":"http:\/\/www.calbergrafica.com\/?page_id=6","title":{"rendered":"Impress\u00e3o digital"},"content":{"rendered":"<p><img loading=\"lazy\" class=\"alignleft size-full wp-image-71\" title=\"1_Laser\" src=\"http:\/\/www.calbergrafica.com\/wp-content\/uploads\/2013\/09\/digital_2.jpg\" alt=\"Calbergr\u00e1fica _ Impress\u00e3o digital\" width=\"400\" height=\"362\" \/><br \/>\nPara trabalhos de pequena tiragem a Calbergr\u00e1fica tem ao seu disp\u00f4r o servi\u00e7o de Impress\u00e3o Laser Digital.<br \/>\nEquipamentos de \u00faltima gera\u00e7\u00e3o, complementados pelos acabamentos tradicionais, permitem-nos oferecer resultados de excelente qualidade em prazos muito reduzidos.<br \/>\nNa \u00e1rea de pr\u00e9-impress\u00e3o profissionais especializados garantem a qualidade final do seu trabalho.<\/p>\n","protected":false},"excerpt":{"rendered":"<p>Para trabalhos de pequena tiragem a Calbergr\u00e1fica tem ao seu disp\u00f4r o servi\u00e7o de Impress\u00e3o Laser Digital. Equipamentos de \u00faltima gera\u00e7\u00e3o, complementados pelos acabamentos tradicionais, permitem-nos oferecer resultados de excelente qualidade em prazos muito reduzidos. Na \u00e1rea de pr\u00e9-impress\u00e3o profissionais &hellip; <a class=\"more-link\" href=\"http:\/\/www.calbergrafica.com\/?page_id=6\">Continue reading <span class=\"meta-nav\">&rarr;<\/span><\/a><\/p>\n","protected":false},"author":1,"featured_media":0,"parent":0,"menu_order":2,"comment_status":"closed","ping_status":"closed","template":"","meta":[],"_links":{"self":[{"href":"http:\/\/www.calbergrafica.com\/index.php?rest_route=\/wp\/v2\/pages\/6"}],"collection":[{"href":"http:\/\/www.calbergrafica.com\/index.php?rest_route=\/wp\/v2\/pages"}],"about":[{"href":"http:\/\/www.calbergrafica.com\/index.php?rest_route=\/wp\/v2\/types\/page"}],"author":[{"embeddable":true,"href":"http:\/\/www.calbergrafica.com\/index.php?rest_route=\/wp\/v2\/users\/1"}],"replies":[{"embeddable":true,"href":"http:\/\/www.calbergrafica.com\/index.php?rest_route=%2Fwp%2Fv2%2Fcomments&post=6"}],"version-history":[{"count":11,"href":"http:\/\/www.calbergrafica.com\/index.php?rest_route=\/wp\/v2\/pages\/6\/revisions"}],"predecessor-version":[{"id":87,"href":"http:\/\/www.calbergrafica.com\/index.php?rest_route=\/wp\/v2\/pages\/6\/revisions\/87"}],"wp:attachment":[{"href":"http:\/\/www.calbergrafica.com\/index.php?rest_route=%2Fwp%2Fv2%2Fmedia&parent=6"}],"curies":[{"name":"wp","href":"https:\/\/api.w.org\/{rel}","templated":true}]}}

Impressão digital

<p><img loading="lazy" class="alignleft size-full wp-image-71" title="1_Laser" src="http://www.calbergrafica.com/wp-content/uploads/2013/09/digital_2.jpg" alt="Calbergráfica _ Impressão digital" width="400" height="362" /><br />
Para trabalhos de pequena tiragem a Calbergráfica tem ao seu dispôr o serviço de Impressão Laser Digital.<br />
Equipamentos de última geração, complementados pelos acabamentos tradicionais, permitem-nos oferecer resultados de excelente qualidade em prazos muito reduzidos.<br />
Na área de pré-impressão profissionais especializados garantem a qualidade final do seu trabalho.</p>

<p>Para trabalhos de pequena tiragem a Calbergráfica tem ao seu dispôr o serviço de Impressão Laser Digital. Equipamentos de última geração, complementados pelos acabamentos tradicionais, permitem-nos oferecer resultados de excelente qualidade em prazos muito reduzidos. Na área de pré-impressão profissionais &hellip; <a class="more-link" href="http://www.calbergrafica.com/?page_id=6">Continue reading <span class="meta-nav">&rarr;</span></a></p>
